781687 is divided by 91.
88
Calculate the remainder when 39087 is divided by 19534.
19
What is the remainder when 97361 is divided by 369?
314
Calculate the remainder when 32568 is divided by 227.
107
Calculate the remainder when 10406613 is divided by 5665.
8
Calculate the remainder when 711908 is divided by 21563.
329
Calculate the remainder when 1525329 is divided by 380978.
1417
What is the remainder when 3972552 is divided by 52?
12
What is the remainder when 7904703 is divided by 3952235?
233
Calculate the remainder when 1995288 is divided by 49877.
208
What is the remainder when 229409 is divided by 2694?
419
What is the remainder when 74152405 is divided by 4972?
4969
Calculate the remainder when 2752679 is divided by 146.
141
What is the remainder when 408013465 is divided by 3772?
3769
What is the remainder when 700687 is divided by 623?
435
Calculate the remainder when 410404 is divided by 856.
380
What is the remainder when 6921 is divided by 2220?
261
Calculate the remainder when 51828080 is divided by 25914039.
2
What is the remainder when 13368410 is divided by 3101?
3100
Calculate the remainder when 2267070 is divided by 755688.
6
Calculate the remainder when 1344138 is divided by 57.
21
Calculate the remainder when 378793 is divided by 9099.
5734
What is the remainder when 923351 is divided by 87?
20
Calculate the remainder when 487254 is divided by 124.
58
What is the remainder when 61539 is divided by 3844?
35
Calculate the remainder when 818677 is divided by 3918.
3733
What is the remainder when 158168949 is divided by 1060?
1049
What is the remainder when 408583 is divided by 204070?
443
What is the remainder when 101153 is divided by 101107?
46
Calculate the remainder when 23682 is divided by 23669.
13
Calculate the remainder when 1605174 is divided by 1358.
18
Calculate the remainder when 47687648 is divided by 2009.
15
Calculate the remainder when 12306705 is divided by 31.
15
Calculate the remainder when 857530 is divided by 857436.
94
What is the remainder when 56638 is divided by 5210?
4538
What is the remainder when 66828 is divided by 4484?
4052
What is the remainder when 660257 is divided by 164610?
1817
What is the remainder when 1026751 is divided by 256635?
211
What is the remainder when 4626269 is divided by 13?
11
What is the remainder when 22043997 is divided by 4811?
4806
Calculate the remainder when 7405115 is divided by 875.
865
Calculate the remainder when 333982 is divided by 66418.
1892
Calculate the remainder when 885372 is divided by 68091.
189
What is the remainder when 126472 is divided by 170?
162
What is the remainder when 566067 is divided by 22?
7
Calculate the remainder when 9638271 is divided by 9638263.
8
Calculate the remainder when 6853662 is divided by 33.
24
Calculate the remainder when 1240358 is divided by 1240319.
39
What is the remainder when 466265 is divided by 4317?
29
What is the remainder when 13689608 is divided by 71300?
8
What is the remainder when 3162339 is divided by 1158?
999
What is the remainder when 45396 is divided by 61?
12
Calculate the remainder when 49058 is divided by 130.
48
Calculate the remainder when 277115 is divided by 277097.
18
Calculate the remainder when 772573 is divided by 83.
9
What is the remainder when 6711221 is divided by 8?
5
Calculate the remainder when 541410 is divided by 107.
97
What is the remainder when 10167046 is divided by 2123?
2122
Calculate the remainder when 42299 is divided by 3838.
81
Calculate the remainder when 1084607 is divided by 53.
15
Calculate the remainder when 137088907 is divided by 19584129.
4
Calculate the remainder when 138019 is divided by 13155.
6469
What is the remainder when 74757242 is divided by 124?
122
Calculate the remainder when 678574 is divided by 226186.
16
What is the remainder when 1094886 is divided by 234?
0
Calculate the remainder when 419816 is divided by 6662.
110
Calculate the remainder when 252841 is divided by 96.
73
What is the remainder when 376553 is divided by 4222?
795
Calculate the remainder when 1864099 is divided by 1863533.
566
What is the remainder when 943713 is divided by 173?
171
Calculate the remainder when 13372878 is divided by 13372878.
0
What is the remainder when 28988258 is divided by 28988246?
12
Calculate the remainder when 59838098 is divided by 447.
443
What is the remainder when 4906074 is divided by 5806?
4
Calculate the remainder when 6442936 is divided by 644293.
6
Calculate the remainder when 258137690 is divided by 1053.
5
Calculate the remainder when 211478174 is divided by 69.
5
Calculate the remainder when 1684357 is divided by 309.
307
What is the remainder when 4170982 is divided by 43?
25
Calculate the remainder when 708324 is divided by 236107.
3
Calculate the remainder when 21990 is divided by 738.
588
What is the remainder when 194411060 is divided by 121?
118
What is the remainder when 13899198 is divided by 2779838?
8
Calculate the remainder when 565210 is divided by 879.
13
What is the remainder when 436703 is divided by 48506?
149
What is the remainder when 2120836 is divided by 1233?
76
What is the remainder when 6590435 is divided by 1481?
1466
What is the remainder when 1010883 is divided by 53199?
102
What is the remainder when 6505959 is divided by 6605?
34
Calculate the remainder when 416199 is divided by 22523.
10785
What is the remainder when 612166 is divided by 122433?
1
What is the remainder when 119762 is divided by 19945?
92
Calculate the remainder when 276119 is divided by 19557.
2321
Calculate the remainder when 4341497 is divided by 310099.
111
Calculate the remainder when 15245 is divided by 15153.
92
What is the remainder when 3990836 is divided by 285059?
10
What is the remainder when 225316 is divided by 13236?
304
Calculate the remainder when 759780 is divided by 189934.
44
What is the remainder when 273638966 is divided by 721?
720
Calculate the remainder when 5713287 is divided by 5161.
60
What is the remainder when 5246938 is divided by 113?
9
What is the remainder when 5060728 is divided by 184?
176
Calculate the remainder when 3681309 is divided by 3.
0
What is the remainder when 3922414 is divided by 44072?
6
Calculate the remainder when 3842974 is divided by 533.
44
What is the remainder when 181560 is divided by 92?
44
What is the remainder when 2438594 is divided by 609639?
38
What is the remainder when 1618213 is divided by 10788?
13
What is the remainder when 994835 is divided by 43253?
16
Calculate the remainder when 124671 is divided by 3204.
2919
What is the remainder when 56710 is divided by 5264?
4070
What is the remainder when 31206772 is divided by 2107?
2102
What is the remainder when 1324787 is divided by 47?
45
Calculate the remainder when 50971 is divided by 12367.
1503
Calculate the remainder when 4739100 is divided by 2369534.
32
Calculate the remainder when 24370852 is divided by 686.
16
Calculate the remainder when 5454070 is divided by 246.
4
What is the remainder when 381390883 is divided by 2357?
2356
What is the remainder when 223926 is divided by 4573?
4422
Calculate the remainder when 564540 is divided by 43425.
15
What is the remainder when 9812008 is divided by 6016?
5928
What is the remainder when 119869 is divided by 39930?
79
What is the remainder when 216272054 is divided by 14?
12
Calculate the remainder when 9454914 is divided by 578.
568
Calculate the remainder when 84587 is divided by 397.
26
Calculate the remainder when 2909723 is divided by 484951.
17
What is the remainder when 49037 is divided by 1188?
329
Calculate the remainder when 169022206 is divided by 2234.
0
What is the remainder when 2228594 is divided by 2882?
808
Calculate the remainder when 102835 is divided by 51344.
147
Calculate the remainder when 1090395 is divided by 4.
3
What is the remainder when 106764773 is divided by 106764768?
5
Calculate the remainder when 781215 is divided by 2072.
71
What is the remainder when 739763 is divided by 238?
59
Calculate the remainder when 66899 is divided by 66833.
66
What is the remainder when 79625 is divided by 732?
569
What is the remainder when 9083431 is divided by 534319?
8
What is the remainder when 444635 is divided by 74104?
11
What is the remainder when 17470 is divid